z?
2
Let r = -2 + 7. Let n(z) = z**3 - 2*z + 2. Let p be n(2). Let v(h) = h**2 - 6*h + 2. Calculate the remainder when r is divided by v(p).
1
Let o = -1 - -1. Suppose -4*k + 124 = -3*c - 0*c, 2*k + 4*c - 40 = o. Let u = 41 + -26. Calculate the remainder when k is divided by u.
13
Let b(c) = 33*c - 5. Calculate the remainder when b(2) is divided by 8.
5
Let p(o) = -o**3 + 5*o**2 + 4*o - 2. Let j be p(6). Let z = j + 25. Let n = 3 - -17. What is the remainder when n is divided by z?
9
Suppose 7*v = -45 + 220. Let r be (-34)/(-8) + (-2)/8. Suppose 63 = r*t - v. Calculate the remainder when t is divided by 12.
10
Let r(d) = -1. Let v(z) = -z. Let j(t) = -r(t) - v(t). Let k be j(-1). Suppose -3*y + k*m = -m - 40, -y = -3*m. Calculate the remainder when 44 is divided by y.
14
Suppose -o - 4*o + 90 = 0. What is the remainder when 33 is divided by o/4*16/6?
9
Let v be (2 + 0)*(-9)/(-6). Suppose 0 = 2*g + v*g - 65. What is the remainder when g is divided by 5?
3
Let r be 1/(-3) + (-20)/(-15). Let y = r - 6. What is the remainder when 3 + y - (-15 - -1) is divided by 7?
5
Calculate the remainder when 35 is divided by -7*3/(21/(-10)) + -2.
3
Calculate the remainder when ((-3)/2)/((-3)/44) is divided by 9.
4
What is the remainder when 1015/49 - (-2)/7 is divided by 8?
5
Let v = -6 - -29. Suppose 42 = 4*k - 3*p, 6 = p + 2*p. Let u = k - 0. Calculate the remainder when v is divided by u.
11
Suppose 2 = 4*h - 14. Suppose i - 20 = -i. Suppose -j + i = h. Calculate the remainder when 10 is divided by j.
4
Let f = 56 - 33. Let a(h) = 2*h**2 - 2. Let g be a(2). Calculate the remainder when f is divided by (g/5)/(3/30).
11
Let a be (-2)/4 - 52/8. Let i = -2 - a. Suppose i*o = -2 + 122. What is the remainder when o is divided by 13?
11
Suppose 0 = 5*y - 3*q - 335, 0 = 5*y + 3*q - 168 - 167. Suppose -4*b - 2*o + 38 = 0, 5*b - y = -3*o + 7*o. Calculate the remainder when 19 is divided by b.
8
Suppose 3 = 3*p, -5*d + 4*p + 0*p = -81. Suppose 2*i - 19 = d. Calculate the remainder when i is divided by 5.
3
Let u(m) = -m + 7. Let g be u(5). Suppose -7*r = -g*r. Suppose -w + 6 + 11 = r. Calculate the remainder when 33 is divided by w.
16
Let j(s) = s**3 + 8*s**2 - 2*s - 4. Suppose 0 = -8*c + 4*c - 32. Let i = 117 - 83. Calculate the remainder when i is divided by j(c).
10
Let j(p) = 2*p**2 + 2*p + 1. Let y(d) = d. Let o(f) = -f - 6. Let q be o(-3). Let v be y(q). What is the remainder when j(v) is divided by 5?
3
Suppose -7*w = -5*w - 106. Let o = 30 - 16. What is the remainder when w is divided by o?
11
Let y(o) = o**3 + 7*o**2 - 9*o + 1. Let k be y(-8). What is the remainder when 10*(-6)/k*-3 is divided by 11?
9
Suppose 0 = 8*w + 3 - 51. Suppose -5*p + 52 = -28. What is the remainder when p is divided by w?
4
Suppose 0 = -0*u + 5*u - 15. Suppose u*i = 4*b - 296, b = 2*b - i - 75. What is the remainder when b is divided by 24?
23
Suppose 0 = v - 0*v - 17. Suppose -d - 3 + v = 0. Suppose 0 = t + 3*u - d, 5*t - t = u + 17. Calculate the remainder when t is divided by 3.
2
Let u(l) = 13*l - 83. Calculate the remainder when 59 is divided by u(8).
17
Suppose 0 = -2*a - a. Suppose -2*p + 0 + 16 = a. Calculate the remainder when 3/9 - 130/(-6) is divided by p.
6
Let n(v) = -8*v - 16. What is the remainder when 37 is divided by n(-5)?
13
Let q = -29 - -46. Let b = 173 - 124. Calculate the remainder when b is divided by q.
15
Suppose -i + 5*i - 168 = 0. Let b = i + 23. Calculate the remainder when b is divided by 17.
14
Let c be (-2)/4 - (-5)/2. Suppose -7*s + c*s = -40. Calculate the remainder when 22 is divided by s.
6
Suppose -3*x + 2*x + 5*j = 4, -50 = -4*x - 2*j. What is the remainder when 30 is divided by x?
8
Let d = 256 - 136. Calculate the remainder when d is divided by 25.
20
Calculate the remainder when ((-11)/55)/((-2)/290) is divided by 2*1/2 + 7.
5
Suppose 5*g - 2*g = 291. Calculate the remainder when g is divided by 25.
22
Suppose -5*z + 61 = 4*r, 0 = -2*r + 5*r + 3. Calculate the remainder when 50 is divided by z.
11
Let c(p) = -p + 1. What is the remainder when 27 is divided by c(-9)?
7
Let q(y) = -1 + 7 + 4*y - 1 + 4*y + y**2. Let f be q(-8). Suppose -f*a = -2*a + o - 32, 2*a - 3*o = 14. What is the remainder when 19 is divided by a?
9
Suppose 153 = 3*u + 36. Calculate the remainder when u is divided by 14.
11
Suppose -7*i = -6*i - 19. What is the remainder when 37 is divided by i?
18
Suppose 0 = 5*s - 0*w - 2*w - 875, 0 = 5*s + 4*w - 875. Suppose 5*f - 60 - s = 0. Calculate the remainder when f is divided by 12.
11
Suppose 13 + 35 = 4*t. Suppose 0*q + 130 = -2*q. Let l = -31 - q. Calculate the remainder when l is divided by t.
10
Let n(s) = -s**3 - 10*s**2 - 11*s + 1. Suppose 5*r - 7*r + 14 = 0. Calculate the remainder when n(-9) is divided by r.
5
Suppose 3*v - 10 = 26. Suppose 169 = 9*n - 38. What is the remainder when n is divided by v?
11
Let h(z) = -5*z - 10. Let c be h(7). Let v = c + 64. What is the remainder when 55 is divided by v?
17
Let l(f) = -f**2 - 5*f + 4. Let z(k) = -k + 1. Let r(x) = -l(x) + 6*z(x). Suppose 3*q - 2*q = -4. What is the remainder when r(q) is divided by 8?
6
Suppose -n + 25 = 5*s, 3*s + 0 = -3. Calculate the remainder when n is divided by 11.
8
Let v(w) = -w**2 - 5*w + 6. Let n(s) = -s**3 - 4*s**2 + 2*s + 3. Let l be n(-4). Calculate the remainder when 3/(-2)*32/(-3) is divided by v(l).
4
Calculate the remainder when (-120)/(-4)*8/3 is divided by 9.
8
Let p(s) be the first derivative of -9*s**2/2 + s - 3. Let w(i) = -2*i**3 + i - 1. Let k be w(1). What is the remainder when p(k) is divided by 7?
5
Let o(f) = 2*f - 1. Suppose -3*h = k - 8 - 9, -4*k = 4*h - 28. What is the remainder when 8 is divided by o(k)?
2
Suppose -44 + 12 = -4*m. Suppose 0*u - m = 2*u. Calculate the remainder when 18/u*2/(-3) is divided by 3.
0
Suppose 0 = -3*q + 7*q - 100. Calculate the remainder when 74 is divided by q.
24
Let c(i) = -i**2 + 7*i + 2. Let d be c(5). Let a = -1 + d. What is the remainder when 31 is divided by a?
9
Suppose -j + 27 = 2*j - r, -5*r - 36 = -4*j. What is the remainder when j is divided by 4?
1
Suppose 0 = -2*w + 3*w - 7. Calculate the remainder when 18 is divided by w.
4
Let b be (2 + -7)/(2/6). Let z be 4/(-10) - 6/b. Suppose z = 5*h + 5*r - 35, -2*r = -h + 6*h - 26. Calculate the remainder when h is divided by 3.
1
Calculate the remainder when 8 is divided by (-5)/(5 + 0)*-3.
2
Let g(m) = -m**3 - 4*m**2 + 6*m + 12. Calculate the remainder when 11 is divided by g(-5).
4
Let m be 366/10 - 30/(-75). Let d = m + -26. Calculate the remainder when 21 is divided by d.
10
Let g(k) = 4*k**2 + 2. Let u be 2 + 0/2 + 1. What is the remainder when g(-2) is divided by 0 + 11 + (2 - u)?
8
Let q = -13 + 34. Suppose -3*r - 6 = -q. What is the remainder when r is divided by 4?
1
Suppose 32 = -l + 3*l. Calculate the remainder when 31 is divided by l.
15
Suppose -25 - 2 = -9*d. What is the remainder when 11 is divided by d?
2
Calculate the remainder when -2 + 5/((-5)/(-12)) is divided by 1/(-4)*(-14 + -2).
2
Let s(v) = -9*v - 2. Suppose 0 - 3 = -g. Calculate the remainder when (2/g)/((-6)/(-171)) is divided by s(-1).
5
Suppose -g = j - 0*g - 72, -3*j + g = -220. Calculate the remainder when j is divided by 25.
23
Let t(k) = -2*k + 5*k + 0*k - 9. Let c be 2*-1 + 1 - -10. What is the remainder when t(c) is divided by 10?
8
Suppose -6*m = -2*m - 12. Suppose m*u + 2 + 3 = c, -4*u + 5 = c. Suppose o + 222 = 5*z, 5*z + 3*o = -u*o + 214. What is the remainder when z is divided by 15?
14
Suppose 4*k - 15 - 9 = 0. Suppose 2*q - k*q + 29 = -3*l, 5*q - 3*l = 40. Calculate the remainder when q is divided by 7.
4
Let u(j) = -4*j - 11. Calculate the remainder when 49 is divided by u(-7).
15
Suppose -4*t - 106 = -5*a, 0 = 2*a + 4*t - 17 - 31. Suppose 8 = 2*n, -4*n + 3*n - 76 = 4*i. Let j = -12 - i. Calculate the remainder when a is divided by j.
6
Suppose 3*k - 4*o - 60 = -0*k, 0 = -5*k - 2*o + 74. Calculate the remainder when k is divided by 6.
4
Let g be (-3)/2*20/(-6). Suppose g*t + 4*d = 6*d + 214, 0 = -5*t + 3*d + 211. Suppose -2*k + 0*k = -30. Calculate the remainder when t is divided by k.
14
Suppose 2*i + 28 = 3*i. Suppose j = -3*j + i. Calculate the remainder when j is divided by 2.
1
Let c = 118 - -33. Suppose -5*a - 11 = -c. Calculate the remain